{"id":3299,"date":"2020-12-28T10:36:56","date_gmt":"2020-12-28T09:36:56","guid":{"rendered":"http:\/\/glasba-zate.eu\/?page_id=3299"},"modified":"2024-05-16T10:33:47","modified_gmt":"2024-05-16T08:33:47","slug":"novo-pripomocek-za-pouk-na-daljavo-tabelica-za-klavirsko-harmoniko","status":"publish","type":"page","link":"https:\/\/glasba-zate.eu\/?page_id=3299","title":{"rendered":"Tabelica za klavirsko harmoniko \/ Tabella per fisarmonica piano \/ Table for piano accordion"},"content":{"rendered":"\r\n<div class=\"wp-block-media-text alignwide is-stacked-on-mobile\">\r\n<figure class=\"wp-block-media-text__media\"><img decoding=\"async\" class=\"wp-image-3276 size-full\" src=\"https:\/\/glasba-zate.eu\/wp-content\/uploads\/2020\/12\/cropped-tabelica-klavirskaB-glasba-zate-WM-1-scaled-1-1024x306.jpg\" alt=\"\" \/><\/figure>\r\n<div class=\"wp-block-media-text__content\">\r\n<p><strong>NOVOST V <a href=\"https:\/\/www.galarna.si\/tabelica-za-klavirsko-harmoniko\" target=\"_blank\" rel=\"noreferrer noopener\">GALARNI<\/a><\/strong><\/p>\r\n\r\n\r\n\r\n<p>U\u010cNI PRIPOMO\u010cEK ZA POUK HARMONIKE<\/p>\r\n\r\n\r\n\r\n<p><strong>TABELICA ZA KLAVIRSKO HARMONIKO<\/strong><\/p>\r\n\r\n\r\n\r\n<p><strong>(M I, M II in M III)<\/strong><\/p>\r\n\r\n\r\n\r\n<p>U\u010denci in ljubitelji igranja na klavirsko harmoniko se boste odslej la\u017eje spoprijeli z glasbilom, saj boste nov u\u010dni pripomo\u010dek-<strong>tabelico za klavirsko harmoniko<\/strong>\u00a0prislonili nase in ugotovili, kje se nahajajo vsi toni na harmoniki v vseh<strong>\u00a0treh manualih\u00a0<\/strong>(<strong>M I<\/strong>-desna roka,\u00a0<strong>M II<\/strong>-standard bas,\u00a0<strong>M III<\/strong>-melodijski bas) in kak\u0161en je njihov razpored. \u010ce boste tabelico obrnili in postavili na notno stojalo tako, da vidite tudi risbo otrok, ki igrajo pri izolskem svetilniku na ribi\u0161kem pomolu, vam bo hitro jasno, katere tipke in basi so drug ob drugem, vi\u0161je ali ni\u017eje.\u00a0<\/p>\r\n<p>&nbsp;<\/p>\r\n\r\n\r\n\r\n<p>&nbsp;<\/p>\r\n<\/div>\r\n<\/div>\r\n<p><!--more--><\/p>\r\n<p>Tudi starej\u0161im u\u010dencem ali ljubiteljskim izvajalcem\u00a0lahko\u00a0tabelica pomaga, da se la\u017eje znajdejo na vseh treh manualih.<\/p>\r\n<p>\r\n\r\n<\/p>\r\n<p>Vsak, ki bo prijel tabelico v roke, se bo spra\u0161eval, kako je doslej sploh lahko shajal brez tega tako preprostega in priro\u010dnega pripomo\u010dka. V \u010dasu pouka na daljavo je postala nenadomestljiv pripomo\u010dek in je olaj\u0161ala razlage u\u010diteljev in razumevanje snovi.<\/p>\r\n<p>\r\n\r\n<\/p>\r\n<p>Tabelica je v velikosti 6x A4, zlo\u017ei se na A4. Speta je s prozornim lepilnim trakom, ki ne po\u0161koduje papirja. Na notranjem vlo\u017eku v velikosti A4 je prakti\u010den, ve\u010dkratno uporaben barvni koledar vadenja.<\/p>\r\n<p>\r\n\r\n<\/p>\r\n<p>Od 18.12.2020 tabelico lahko naro\u010dite v spletni knjigarni <a href=\"https:\/\/www.galarna.si\/tabelica-za-klavirsko-harmoniko\" target=\"_blank\" rel=\"noopener\">Galarna<\/a>.<\/p>\r\n","protected":false},"excerpt":{"rendered":"<p>&nbsp; NOVOST V GALARNI U\u010cNI PRIPOMO\u010cEK ZA POUK HARMONIKE TABELICA ZA KLAVIRSKO HARMONIKO (M I, M II in M III) U\u010denci in ljubitelji igranja na klavirsko harmoniko se boste odslej&hellip;<\/p>\n","protected":false},"author":1,"featured_media":3277,"parent":3116,"menu_order":0,"comment_status":"closed","ping_status":"closed","template":"","meta":{"footnotes":""},"class_list":["post-3299","page","type-page","status-publish","has-post-thumbnail","hentry"],"_links":{"self":[{"href":"https:\/\/glasba-zate.eu\/index.php?rest_route=\/wp\/v2\/pages\/3299","targetHints":{"allow":["GET"]}}],"collection":[{"href":"https:\/\/glasba-zate.eu\/index.php?rest_route=\/wp\/v2\/pages"}],"about":[{"href":"https:\/\/glasba-zate.eu\/index.php?rest_route=\/wp\/v2\/types\/page"}],"author":[{"embeddable":true,"href":"https:\/\/glasba-zate.eu\/index.php?rest_route=\/wp\/v2\/users\/1"}],"replies":[{"embeddable":true,"href":"https:\/\/glasba-zate.eu\/index.php?rest_route=%2Fwp%2Fv2%2Fcomments&post=3299"}],"version-history":[{"count":6,"href":"https:\/\/glasba-zate.eu\/index.php?rest_route=\/wp\/v2\/pages\/3299\/revisions"}],"predecessor-version":[{"id":4143,"href":"https:\/\/glasba-zate.eu\/index.php?rest_route=\/wp\/v2\/pages\/3299\/revisions\/4143"}],"up":[{"embeddable":true,"href":"https:\/\/glasba-zate.eu\/index.php?rest_route=\/wp\/v2\/pages\/3116"}],"wp:featuredmedia":[{"embeddable":true,"href":"https:\/\/glasba-zate.eu\/index.php?rest_route=\/wp\/v2\/media\/3277"}],"wp:attachment":[{"href":"https:\/\/glasba-zate.eu\/index.php?rest_route=%2Fwp%2Fv2%2Fmedia&parent=3299"}],"curies":[{"name":"wp","href":"https:\/\/api.w.org\/{rel}","templated":true}]}}