{"id":3145,"date":"2019-09-22T18:28:01","date_gmt":"2019-09-22T16:28:01","guid":{"rendered":"http:\/\/glasba-zate.eu\/?page_id=3145"},"modified":"2026-01-04T16:01:47","modified_gmt":"2026-01-04T15:01:47","slug":"musaik","status":"publish","type":"page","link":"https:\/\/glasba-zate.eu\/?page_id=3145","title":{"rendered":"Kulturno dru\u0161tvo MUSAIK-Associazione culturale MUSAIK"},"content":{"rendered":"<p>KULTURNO DRU\u0160TVO MUSAIK-ASSOCIAZIONE CULTURALE MUSAIK<\/p>\n<p>Skraj\u0161ano ime dru\u0161tva je:<\/p>\n<p><strong> Dru\u0161tvo MUSAIK- Associazione MUSAIK.<\/strong><\/p>\n<p>Dru\u0161tvo MUSAIK je prostovoljno, samostojno, nepridobitno zdru\u017eenje fizi\u010dnih oseb, ki so ljubitelji umetnosti. Deluje od avgusta 2019.<\/p>\n<p>Namen dru\u0161tva je: rahlo\u010dutno ustvarjalno dru\u017eenje ob \u017eivi glasbi, besedi in risanju, ustvarjanje glasbe, izmi\u0161ljevanje zgodbic in poezijic in prevajanju vsega v mnoge jezike tega sveta.<\/p>\n<p><!--more--><\/p>\n<p>Cilji dru\u0161tva so:<\/p>\n<ul>\n<li>dvig kakovosti dru\u017eenja z vzbujanjem zanimanja za <strong>ustvarjalni vsakdan<\/strong> in z usmerjanjem pozornosti na <strong>ustvarjalnost pred\u0161olskih otrok in \u0161olske mladine<\/strong>;<\/li>\n<li>prepoznavanje in spo\u0161tovanje razli\u010dnih oblik ustvarjalnosti in njihova predstavitev v javnosti z organizacijo in izvedbo koncertov na katerih se predstavi\/ izvaja avtorska glasba lokalnih, manj znanih avtorjev vseh starosti;<\/li>\n<li>organiziranje dogodkov na katerih se predstavlja <strong>novo<\/strong> notno gradivo, audio, video ali drugo gradivo izbranih avtorjev;<\/li>\n<li>vzbujanje zanimanja za <strong>skupno muziciranje<\/strong> (komorno igro) in druga\u010dne ad hoc oblike ustvarjanja, kar spet privede do osnovnega cilja-kakovostnej\u0161ega, rahlo\u010dutnega dru\u017eenja;<\/li>\n<li>prevajanje leposlovnih del in haiku poezij<\/li>\n<\/ul>\n<p>Dru\u0161tvo dosega cilje tako, da izvaja naslednje naloge:<\/p>\n<ul>\n<li>pridobiva nove \u010dlane (ki se prijavijo\/v\u010dlanijo na spletni strani <u><a href=\"https:\/\/glasba-zate.eu\/\">glasba-zate.eu<\/a><\/u> ali z ustno\/pisno prijavo) in jim omogo\u010da rahlo\u010dutno in ustvarjalno dru\u017eenje ob \u017eivi glasbi, sve\u017ei besedi in risanju s poudarkom na ustvarjalnosti;<\/li>\n<li>predlaga in izvede glasbene urice, uli\u010dne, koncertne ali gledali\u0161ke prireditve, predstave, strokovna predavanja, strokovne izlete na koncerte ali predavanja v druge kraje in podobno-za otroke, mladino in odrasle in s tem \u0161iri obzorja \u010dlanov dru\u0161tva;<\/li>\n<li>predlaga in izvede u\u010dne ure za zainteresirane \u010dlane dru\u0161tva individualno in v skupinah;<\/li>\n<li>zalaga, izdaja in prevaja strokovno glasbeno literaturo s podro\u010dja dejavnosti dru\u0161tva: objavlja nova notna gradiva za solo in\u0161trumente, za komorne skupine in ve\u010dje sestave;<\/li>\n<li>\u00a0zalaga, izdaja in prevaja pravljice za otroke in mladino na spletni strani <u><a href=\"https:\/\/glasba-zate.eu\/\">glasba-zate.eu<\/a><\/u> ter na vse druge na\u010dine (prek spleta, v spletnih in fizi\u010dnih knjigarnah, v obliki e-knjig);<\/li>\n<li>sodeluje z organizacijami in institucijami, ki se ukvarjajo s tem podro\u010djem; prevaja leposlovje;<\/li>\n<li>\u00a0seznanja \u010dlane in javnost o problemih in napredku na podro\u010dju dru\u0161tva;<\/li>\n<\/ul>\n<p>Dru\u0161tvo bo izvajalo tudi naslednje pridobitne dejavnosti v skladu s <u>25. \u010dlenom Zakona o dru\u0161tvih:<\/u><\/p>\n<ul>\n<li><u>J 58.110<\/u> IZDAJANJE KNJIG (od tega izdajanje knjig na internetu)<\/li>\n<li><u>J 59.200<\/u> SNEMANJE IN IZDAJANJE ZVO\u010cNIH ZAPISOV IN MUZIKALIJ (od tega: dejavnost glasbenega zalo\u017eni\u0161tva- muzikalij): objavljanje avtorskega notnega (muzikalije), audio, video in drugega gradiva izbranih avtorjev vezanega za glasbo, besedo, risanje in druge teme v spletni in fizi\u010dni obliki;<\/li>\n<li><u>300 <\/u>PREVAJANJE IN TOLMA\u010cENJE<\/li>\n<\/ul>\n<p>\u010cLANSTVO<br \/>\n\u010clan dru\u0161tva lahko postane vsak ljubitelj dru\u017eenja, glasbe, besede, pisanja in risanja.<br \/>\n\u010clanstvo v dru\u0161tvu je prostovoljno in brezpla\u010dno. Kdor \u017eeli postati \u010dlan mora izpolniti podatke na spletni strani <a href=\"https:\/\/glasba-zate.eu\">www.glasba-zate.eu<\/a> ali se ustno izre\u010di kot \u010dlan. \u010clan dru\u0161tva lahko pod enakimi pogoji postane tudi tuj dr\u017eavljan. \u010ce se v dru\u0161tvo v\u010dlani mladoletna oseba, zanj so odgovorni njegovi star\u0161i, saj morajo podpisati pisno soglasje\/izpolniti obrazec. \u010castni \u010dlani so lahko: sponzorji, donatorji, simpatizerji, ki so s svojimi prispevki pripomogli k dobrobiti dru\u0161tva ali druge osebe. Naziv \u00bb\u010dastni \u010dlan\u00ab dodeli posamezniku zbor \u010dlanov.<\/p>\n<p>Postani \u010dlan, pi\u0161i mi na mirjana@glasba-zate.eu<\/p>\n","protected":false},"excerpt":{"rendered":"<p>KULTURNO DRU\u0160TVO MUSAIK-ASSOCIAZIONE CULTURALE MUSAIK Skraj\u0161ano ime dru\u0161tva je: Dru\u0161tvo MUSAIK- Associazione MUSAIK. Dru\u0161tvo MUSAIK je prostovoljno, samostojno, nepridobitno zdru\u017eenje fizi\u010dnih oseb, ki so ljubitelji umetnosti. Deluje od avgusta 2019.&hellip;<\/p>\n","protected":false},"author":1,"featured_media":0,"parent":0,"menu_order":0,"comment_status":"closed","ping_status":"closed","template":"","meta":{"footnotes":""},"class_list":["post-3145","page","type-page","status-publish","hentry"],"_links":{"self":[{"href":"https:\/\/glasba-zate.eu\/index.php?rest_route=\/wp\/v2\/pages\/3145","targetHints":{"allow":["GET"]}}],"collection":[{"href":"https:\/\/glasba-zate.eu\/index.php?rest_route=\/wp\/v2\/pages"}],"about":[{"href":"https:\/\/glasba-zate.eu\/index.php?rest_route=\/wp\/v2\/types\/page"}],"author":[{"embeddable":true,"href":"https:\/\/glasba-zate.eu\/index.php?rest_route=\/wp\/v2\/users\/1"}],"replies":[{"embeddable":true,"href":"https:\/\/glasba-zate.eu\/index.php?rest_route=%2Fwp%2Fv2%2Fcomments&post=3145"}],"version-history":[{"count":7,"href":"https:\/\/glasba-zate.eu\/index.php?rest_route=\/wp\/v2\/pages\/3145\/revisions"}],"predecessor-version":[{"id":4401,"href":"https:\/\/glasba-zate.eu\/index.php?rest_route=\/wp\/v2\/pages\/3145\/revisions\/4401"}],"wp:attachment":[{"href":"https:\/\/glasba-zate.eu\/index.php?rest_route=%2Fwp%2Fv2%2Fmedia&parent=3145"}],"curies":[{"name":"wp","href":"https:\/\/api.w.org\/{rel}","templated":true}]}}